*b + 3*f. What is the remainder when b is divided by 58?
12
Let t(b) = -35*b + 2135. What is the remainder when t(-50) is divided by 162?
159
Suppose -6*c + 3*c = -p - 244, 2*c = 4*p + 176. Suppose 10*d - 49 = -3*u + 12*d, -5*u + 5*d = -c. What is the remainder when 151 is divided by u?
15
Let p(u) = 24*u**2 - 25. Calculate the remainder when 461 is divided by p(-2).
35
Let p = -175 + 218. Suppose 31 = v + 2*q, -3*q = 2*v - p - 17. What is the remainder when 156 is divided by v?
21
Suppose 68*u = 336*u - 254332. Calculate the remainder when u is divided by 42.
25
Suppose -73*j + 179595 = 38632. Calculate the remainder when j is divided by 69.
68
Let w(v) = -4604*v + 248720. Calculate the remainder when w(54) is divided by (-1 - -10)/((-1)/(-6)).
50
Let l(r) = r**3 - 11*r**2 - 2*r + 24. Let b be l(11). Suppose 0 = 2*z - p - 118, 2*z - b*p = 6*z - 244. What is the remainder when z is divided by 7?
4
Let d be (-5)/4 - (-32435)/(-52). Let t = d + 634. What is the remainder when 393 is divided by t?
6
Let m be (18/45)/(2/(-20)). Let s = -193 + 209. What is the remainder when (-140)/(-3) + m/(-12) is divided by s?
15
Let f be (-3)/(((-35)/(-7))/(-5)). Suppose 0 = -5*l - 3*w + 34, -4 = -f*w - 10. Calculate the remainder when 20 is divided by l.
4
Suppose 2*b + 512 = -6*i + 2*i, 3*b = 3*i - 723. Suppose -5*a = 20, -a = -0*c - 4*c + 24. What is the remainder when (-4)/22 + b/(-22) is divided by c?
1
Suppose 9*s = 13*s - 48. Let x = s + -12. Suppose x = -o + 5 + 1. What is the remainder when o is divided by 2?
0
Let v be (2 - (-7)/(-3))/(3/(-171)). Suppose v*w = 15*w + 108. What is the remainder when w is divided by (0 - 1)/((-1)/7)?
6
Suppose 0 = 2*d + 3*d - 1140. Suppose -3*f + d = -144. Let r = -181 + 202. What is the remainder when f is divided by r?
19
Suppose 2*x - 755 = 3*t, -x + 2*x + 3*t - 355 = 0. Let u be (-10)/((3/6)/(-12 + 24)). Let d = x + u. What is the remainder when d is divided by 33?
31
Let q = -72 - -126. Suppose 0 = 16*g - 257 + 33. What is the remainder when q is divided by g?
12
Suppose 0 = -4*s + 9652 - 9608. What is the remainder when 930 is divided by s?
6
Calculate the remainder when (-3116)/(-26) + -3 + 14/91 is divided by (3 - -1)*(-10)/160*-236.
58
Suppose 1566 = -59*i + 77*i. What is the remainder when 352 is divided by i?
4
Let q(s) = 55*s**2 - 11*s + 3. Let t be q(6). Suppose 106*i = 97*i + t. What is the remainder when i is divided by 55?
48
Calculate the remainder when 334 is divided by 2/((-2)/(-141)) - (2 + (-15)/(-3)).
66
Let q = 56 + -257. Let v = -179 - q. Calculate the remainder when 153 is divided by v.
21
Let h = 47 + -25. Let u(p) = -2*p**2 + 54*p + 137. What is the remainder when h is divided by u(29)?
1
Suppose 87*r - 83*r = j - 323, -2*r = -2*j + 664. Calculate the remainder when 682 is divided by j.
12
Suppose -14*q - 6 = -12*q. Calculate the remainder when (-210 + q)*2/(-6) is divided by (9*-3)/((-21)/14).
17
Let j(d) be the third derivative of -11*d**4/24 - d**3/3 - 33*d**2. Let r be j(11). Let b = r - -133. Calculate the remainder when 79 is divided by b.
9
Suppose 155323 = 23*h + 154127. Calculate the remainder when 1140 is divided by h.
48
Let c(p) = p**3 + 6*p**2 - 14*p + 10. Let u be c(-7). Suppose 56 = 5*m - u. Calculate the remainder when 85 is divided by m.
16
Suppose 15*u - 2028 = 2892. Calculate the remainder when u is divided by 3*5/(30/44).
20
Let d be 222/12*((-1 - -3) + 4). Suppose 0 = 2*x - 3*k - 0*k - d, -2*x - 4*k + 76 = 0. Calculate the remainder when 131 is divided by x.
35
Suppose -2*t + 15*w - 11*w = -898, -3*t + w + 1357 = 0. Suppose 0 = 5*a - 352 - t. Calculate the remainder when a is divided by 21.
14
Let f = 20 - 30. Let o = -180 + 155. What is the remainder when 166*(o/f + -2) is divided by 5?
3
Suppose 0 = 258*z - 246*z - 4080. Suppose -4*s - 280 + z = 0. What is the remainder when 112 is divided by s?
7
What is the remainder when 186 + (-21)/(273/(-13)) is divided by (-3)/9*(-1 + -140)?
46
Let y(x) = -8*x**3 - 17*x**2 - 27*x + 236. What is the remainder when y(-11) is divided by 54?
52
Let a be (-9 - (-69)/9)/((-4)/6). Suppose -2*b + w + w = -110, -a*b = 5*w - 138. Calculate the remainder when b is divided by 20.
19
Let d(v) = -6*v**3 - 4*v**2 - 2*v. Let y(a) = a**2 + a - 3. Let w be y(-3). Let p = -5 + w. Calculate the remainder when d(p) is divided by 13.
10
Let t be (-3 + -1)*19/(-1). Let g be (-96)/(-224) + -648*(-3)/21. Let h = g - t. What is the remainder when 48 is divided by h?
14
Suppose 9*f - 32 = 40. Calculate the remainder when 223 is divided by (27 - f) + -6 + 6.
14
Let f = 269 + -185. Suppose f*z - 270 = 75*z. What is the remainder when 56 is divided by z?
26
Suppose -5*o - 2592 = -2*o + 3*m, 5*m = 4*o + 3420. Let b = -795 - o. Let j(l) = -l**3 + 3*l**2 + 3*l + 5. Calculate the remainder when j(-5) is divided by b.
60
Let v = 102 + -95. What is the remainder when 160/(-20) - (-59 + 3) is divided by v?
6
Let n(o) = -o**3 + 6*o**2 - 5*o + 1. Let x(k) = 12*k**2 + 274*k - 329. Calculate the remainder when n(4) is divided by x(-24).
6
Suppose -340*x + 342*x + u = 4208, -8434 = -4*x - 5*u. Calculate the remainder when x is divided by 49.
43
Suppose 27*f - f + 29*f = 1650. Calculate the remainder when 57 is divided by f.
27
Let v = 18 - -109. Let l = 228 + v. Suppose -5*o + l = 5*m, 5*m + 2*o - 49 - 291 = 0. Calculate the remainder when m is divided by 17.
15
Let c = -33 + 34. Calculate the remainder when 94 is divided by -17 + 16 - (c*-13)/1.
10
Let c = -953 + 1319. Calculate the remainder when c is divided by 37.
33
Suppose -2*q + 12*f + 38 = 14*f, 5 = 5*f. Suppose q = -2*v + 22. What is the remainder when 2 is divided by v?
0
Let y(r) = 25*r**2 + 432*r - 17. What is the remainder when y(10) is divided by 27?
26
Let j = 509 - 308. Suppose c - 549 = 2*r + 9, 2*r = -c - 550. Let n = 328 + r. What is the remainder when j is divided by n?
48
Suppose 2*i - 4361 = -5*z, i = 18*z - 14*z + 2174. What is the remainder when i is divided by 109?
107
Suppose -2*v = -4*u + 13880, 38*u - v = 35*u + 10408. What is the remainder when u is divided by 31?
27
Suppose 3*h + 4 = -3*v + 19, 3*v - 21 = -5*h. Let o(z) = 10*z**2 + 7*z - 32. What is the remainder when o(h) is divided by 20?
19
Let v be 1 - (-1 - -5 - 3). Suppose 4*x + x - 85 = v. Let z = x + -6. Calculate the remainder when 65 is divided by z.
10
Let v = 6796 - 2801. What is the remainder when v is divided by 111?
110
Let y = 33760 + -33705. Calculate the remainder when 1643 is divided by y.
48
Suppose -143613 = -98*d + 181714 + 20221. What is the remainder when d is divided by 56?
54
Calculate the remainder when 184 is divided by (-2 + 1)/((-10)/(-60))*(-38)/4.
13
Let j = 5048 - 3820. Calculate the remainder when j is divided by 77.
73
Let v(c) = 38*c - 188. Let y be v(5). Suppose j - 3*f = -2*j + 24, y*j + 5*f = 30. Calculate the remainder when 25 is divided by j.
5
Let r = 4348 + -2178. What is the remainder when r is divided by 8?
2
Suppose 7*i + a = 9*i - 118, i - 2*a = 53. Calculate the remainder when 360 is divided by i.
55
Suppose -v + 71 = 5*x - 75, -4*v = -3*x + 83. Suppose -x - 1 = 5*r. Calculate the remainder when 45 is divided by (-146)/r + (-16)/12.
22
Suppose -790 = -28*v + 134. What is the remainder when (-40 - -20)*(-36)/10 is divided by v?
6
Suppose 27*i - 68*i = -30*i - 132. Calculate the remainder when ((-5)/(-1))/(1/9) is divided by i.
9
Let c(v) = -v - 2. Let s(f) = 10*f - 13. Let n(i) = 6*c(i) + 2*s(i). What is the remainder when 31 is divided by n(4)?
13
Suppose 5*r + 14 = 2*x - 27, 2*r + 89 = 3*x. Let c = -991 - -127. Let m = c - -991. What is the remainder when m is divided by x?
28
Let u(x) = 29*x + 156. Let y be u(-18). Let v = y - -395. Calculate the remainder when 722 is divided by v.
26
Suppose 377 = -2*g + 3*u, -2*u + 3 = g + 195. Let i = g - -283. Calculate the remainder when i is divided by 5.
3
Let c = -16451 - -16476. Calculate the remainder when 674 is divided by c.
24
Suppose 423*u = 438*u - 825. Suppose 51 = 4*l - 61. Calculate the remainder when u is divided by l.
27
Suppose c - 719 = -3*z, -5*c - z = 4*z - 3605. Calculate the remainder when c is divided by 92.
78
Let v(r) = -322*r - 2468. Let p(o) = -o**2 + 6*o - 8. Let b be p(6). Calculate the remainder when v(-8) is divided by (b